{"id":234,"date":"2024-10-25T10:44:22","date_gmt":"2024-10-25T08:44:22","guid":{"rendered":"https:\/\/thecuc.carnet.hr\/2024\/?page_id=234"},"modified":"2024-10-25T10:44:22","modified_gmt":"2024-10-25T08:44:22","slug":"ivan-sabic-2","status":"publish","type":"page","link":"https:\/\/thecuc.carnet.hr\/2025\/ivan-sabic-2\/","title":{"rendered":"Ivan \u0160abi\u0107"},"content":{"rendered":"\n<h2 class=\"wp-block-heading\"><strong>Ivan \u0160abi\u0107<\/strong><\/h2>\n\n\n\n<p>Ivan \u0160abi\u0107 diplomirao je ekonomiju na Zagreba\u010dkoj \u0161koli ekonomije i managementa, gdje 2013. godine stje\u010de titulu Master in Business Administration (MBA). Titulu sveu\u010dili\u0161noga magistra poslovne ekonomije stje\u010de na Sveu\u010dili\u0161tu Sjever 2017. godine, a 2018. i titulu sveu\u010dili\u0161noga specijalista kontrolinga na Ekonomskome fakultetu Sveu\u010dili\u0161ta u Rijeci.<\/p>\n\n\n\n<p>Na Sveu\u010dili\u0161tu Sjever 2023. godine zavr\u0161io je doktorski studij Mediji i komunikacija te stekao titulu doktora znanosti.<\/p>\n\n\n\n<p>Dodatno se usavr\u0161avao na MIT Sloan School of Management u podru\u010dju Design thinkinga i Blockchaina. Profesionalnu karijeru zapo\u010dinje 2011. godine u Odjelu financija i ra\u010dunovodstva u Agrokor \u2013 trgovini. Godinu poslije postaje suradnik u deviznome i kunskome poslovanju u Zvijezdi, gdje ostaje sve do 2015. godine, kada preuzima poziciju voditelja financija i ra\u010dunovodstva u Studentskome centru u Zagrebu.<\/p>\n\n\n\n<p>Dvije godine poslije dolazi u Hrvatsku akademsku i istra\u017eiva\u010dku mre\u017eu \u2013 CARNET na mjesto pomo\u0107nika ravnatelja za podr\u0161ku poslovanju ustanove. Koautor je vi\u0161e znanstvenih radova iz podru\u010dja informacijske sigurnosti.<\/p>\n\n\n\n<p>Posjeduje certifikat za internoga auditora ISO 9001:2015, vode\u0107ega auditora ISO 27001:2013, internog auditora za kiberneti\u010dku sigurnost operatora klju\u010dnih usluga&nbsp; i davatelja digitalnih usluga te certifikat za javnu nabavu. \u010clan je upravlja\u010dkog odbora Centra dijeljenih usluga i radi kao vanjski predava\u010d na Sveu\u010dili\u0161tu Sjever.<\/p>\n\n\n\n<p>U velja\u010di 2024. godine imenovan je zamjenikom ravnatelja.<\/p>\n","protected":false},"excerpt":{"rendered":"<p>Ivan \u0160abi\u0107 Ivan \u0160abi\u0107 diplomirao je ekonomiju na Zagreba\u010dkoj \u0161koli ekonomije i managementa, gdje 2013. godine stje\u010de titulu Master in Business Administration (MBA). Titulu sveu\u010dili\u0161noga magistra poslovne ekonomije stje\u010de na Sveu\u010dili\u0161tu Sjever 2017. godine, a 2018. i titulu sveu\u010dili\u0161noga specijalista kontrolinga na Ekonomskome fakultetu Sveu\u010dili\u0161ta u Rijeci. Na Sveu\u010dili\u0161tu Sjever 2023. godine zavr\u0161io je doktorski [&hellip;]<\/p>\n","protected":false},"author":3,"featured_media":0,"parent":0,"menu_order":0,"comment_status":"closed","ping_status":"closed","template":"","meta":{"footnotes":""},"class_list":["post-234","page","type-page","status-publish","hentry"],"_links":{"self":[{"href":"https:\/\/thecuc.carnet.hr\/2025\/wp-json\/wp\/v2\/pages\/234","targetHints":{"allow":["GET"]}}],"collection":[{"href":"https:\/\/thecuc.carnet.hr\/2025\/wp-json\/wp\/v2\/pages"}],"about":[{"href":"https:\/\/thecuc.carnet.hr\/2025\/wp-json\/wp\/v2\/types\/page"}],"author":[{"embeddable":true,"href":"https:\/\/thecuc.carnet.hr\/2025\/wp-json\/wp\/v2\/users\/3"}],"replies":[{"embeddable":true,"href":"https:\/\/thecuc.carnet.hr\/2025\/wp-json\/wp\/v2\/comments?post=234"}],"version-history":[{"count":1,"href":"https:\/\/thecuc.carnet.hr\/2025\/wp-json\/wp\/v2\/pages\/234\/revisions"}],"predecessor-version":[{"id":235,"href":"https:\/\/thecuc.carnet.hr\/2025\/wp-json\/wp\/v2\/pages\/234\/revisions\/235"}],"wp:attachment":[{"href":"https:\/\/thecuc.carnet.hr\/2025\/wp-json\/wp\/v2\/media?parent=234"}],"curies":[{"name":"wp","href":"https:\/\/api.w.org\/{rel}","templated":true}]}}