{"id":114,"date":"2024-10-18T09:29:14","date_gmt":"2024-10-18T07:29:14","guid":{"rendered":"https:\/\/thecuc.carnet.hr\/2024\/?page_id=114"},"modified":"2025-11-05T13:20:49","modified_gmt":"2025-11-05T12:20:49","slug":"naslovna","status":"publish","type":"page","link":"https:\/\/thecuc.carnet.hr\/2025\/","title":{"rendered":"Naslovna"},"content":{"rendered":"\n<div class=\"wp-block-group alignfull has-base-background-color has-background has-global-padding is-layout-constrained wp-container-core-group-is-layout-72190d31 wp-block-group-is-layout-constrained\" style=\"margin-top:0;margin-bottom:0;padding-top:0;padding-right:0;padding-bottom:0;padding-left:0\">\n<div class=\"wp-block-columns alignwide is-layout-flex wp-container-core-columns-is-layout-549b0c86 wp-block-columns-is-layout-flex\">\n<div class=\"wp-block-column is-layout-flow wp-container-core-column-is-layout-b108c007 wp-block-column-is-layout-flow\" style=\"padding-right:0;padding-left:0\"><\/div>\n\n\n\n<div class=\"wp-block-column is-layout-flow wp-block-column-is-layout-flow\">\n<figure class=\"wp-block-image aligncenter size-full\"><img loading=\"lazy\" decoding=\"async\" width=\"1024\" height=\"640\" src=\"https:\/\/thecuc.carnet.hr\/2025\/wp-content\/uploads\/2025\/11\/THECUC2024-4.png\" alt=\"\" class=\"wp-image-324\" style=\"object-fit:cover\" srcset=\"https:\/\/thecuc.carnet.hr\/2025\/wp-content\/uploads\/2025\/11\/THECUC2024-4.png 1024w, https:\/\/thecuc.carnet.hr\/2025\/wp-content\/uploads\/2025\/11\/THECUC2024-4-300x188.png 300w, https:\/\/thecuc.carnet.hr\/2025\/wp-content\/uploads\/2025\/11\/THECUC2024-4-768x480.png 768w\" sizes=\"auto, (max-width: 1024px) 100vw, 1024px\" \/><\/figure>\n<\/div>\n\n\n\n<div class=\"wp-block-column is-layout-flow wp-block-column-is-layout-flow\"><\/div>\n<\/div>\n<\/div>\n\n\n\n<div class=\"wp-block-group alignfull has-global-padding is-layout-constrained wp-container-core-group-is-layout-604e1688 wp-block-group-is-layout-constrained\" style=\"margin-top:0;margin-bottom:0;padding-top:var(--wp--preset--spacing--20);padding-right:var(--wp--preset--spacing--20);padding-bottom:var(--wp--preset--spacing--20);padding-left:var(--wp--preset--spacing--20)\"><ul class=\"wp-block-latest-posts__list is-grid columns-3 has-dates wp-block-latest-posts\"><li><div class=\"wp-block-latest-posts__featured-image aligncenter\"><img loading=\"lazy\" decoding=\"async\" width=\"1024\" height=\"683\" src=\"https:\/\/thecuc.carnet.hr\/2025\/wp-content\/uploads\/2025\/11\/Otvaranje_THECUC-1024x683.png\" class=\"attachment-large size-large wp-post-image\" alt=\"\" style=\"\" srcset=\"https:\/\/thecuc.carnet.hr\/2025\/wp-content\/uploads\/2025\/11\/Otvaranje_THECUC-1024x683.png 1024w, https:\/\/thecuc.carnet.hr\/2025\/wp-content\/uploads\/2025\/11\/Otvaranje_THECUC-300x200.png 300w, https:\/\/thecuc.carnet.hr\/2025\/wp-content\/uploads\/2025\/11\/Otvaranje_THECUC-768x512.png 768w, https:\/\/thecuc.carnet.hr\/2025\/wp-content\/uploads\/2025\/11\/Otvaranje_THECUC-1536x1024.png 1536w, https:\/\/thecuc.carnet.hr\/2025\/wp-content\/uploads\/2025\/11\/Otvaranje_THECUC.png 1600w\" sizes=\"auto, (max-width: 1024px) 100vw, 1024px\" \/><\/div><a class=\"wp-block-latest-posts__post-title\" href=\"https:\/\/thecuc.carnet.hr\/2025\/ministar-znanosti-obrazovanja-i-mladih-na-thecuc-u-2025-digitalna-transformacija-kao-temelj-razvoja-visokog-obrazovanja\/\">Ministar znanosti, obrazovanja i mladih na\u00a0THECUC-u 2025: Digitalna transformacija kao temelj razvoja visokog obrazovanja<\/a><time datetime=\"2025-11-07T12:18:56+01:00\" class=\"wp-block-latest-posts__post-date\">7. studenoga 2025.<\/time><div class=\"wp-block-latest-posts__post-excerpt\">Na CARNET-ovoj konferenciji za korisnike iz visokog obrazovanja THECUC 2025, u okviru glavne sesije razgovaralo se o tome kako&nbsp;projekt e-Sveu\u010dili\u0161ta doprinosi\u2026 <a class=\"wp-block-latest-posts__read-more\" href=\"https:\/\/thecuc.carnet.hr\/2025\/ministar-znanosti-obrazovanja-i-mladih-na-thecuc-u-2025-digitalna-transformacija-kao-temelj-razvoja-visokog-obrazovanja\/\" rel=\"noopener noreferrer\">Pro\u010ditaj vi\u0161e<span class=\"screen-reader-text\">: Ministar znanosti, obrazovanja i mladih na\u00a0THECUC-u 2025: Digitalna transformacija kao temelj razvoja visokog obrazovanja<\/span><\/a><\/div><\/li>\n<li><div class=\"wp-block-latest-posts__featured-image aligncenter\"><img loading=\"lazy\" decoding=\"async\" width=\"1024\" height=\"685\" src=\"https:\/\/thecuc.carnet.hr\/2025\/wp-content\/uploads\/2024\/11\/info-1024x685.jpg\" class=\"attachment-large size-large wp-post-image\" alt=\"\" style=\"\" srcset=\"https:\/\/thecuc.carnet.hr\/2025\/wp-content\/uploads\/2024\/11\/info-1024x685.jpg 1024w, https:\/\/thecuc.carnet.hr\/2025\/wp-content\/uploads\/2024\/11\/info-300x201.jpg 300w, https:\/\/thecuc.carnet.hr\/2025\/wp-content\/uploads\/2024\/11\/info-768x514.jpg 768w, https:\/\/thecuc.carnet.hr\/2025\/wp-content\/uploads\/2024\/11\/info-1536x1028.jpg 1536w, https:\/\/thecuc.carnet.hr\/2025\/wp-content\/uploads\/2024\/11\/info-2048x1371.jpg 2048w, https:\/\/thecuc.carnet.hr\/2025\/wp-content\/uploads\/2024\/11\/info-scaled-e1730896290760.jpg 1200w\" sizes=\"auto, (max-width: 1024px) 100vw, 1024px\" \/><\/div><a class=\"wp-block-latest-posts__post-title\" href=\"https:\/\/thecuc.carnet.hr\/2025\/info-autobusi-iz-rovinja\/\">INFO &#8211; Autobusi iz Rovinja<\/a><time datetime=\"2025-11-06T12:28:39+01:00\" class=\"wp-block-latest-posts__post-date\">6. studenoga 2025.<\/time><div class=\"wp-block-latest-posts__post-excerpt\">Polazak autobusa iz Rovinja za sva odredi\u0161ta \u2013 14:30 s parkirali\u0161ta hotela Lone.<\/div><\/li>\n<li><div class=\"wp-block-latest-posts__featured-image aligncenter\"><img loading=\"lazy\" decoding=\"async\" width=\"1024\" height=\"683\" src=\"https:\/\/thecuc.carnet.hr\/2025\/wp-content\/uploads\/2025\/11\/Magenta-Quiz-Night-3-1024x683.png\" class=\"attachment-large size-large wp-post-image\" alt=\"\" style=\"\" srcset=\"https:\/\/thecuc.carnet.hr\/2025\/wp-content\/uploads\/2025\/11\/Magenta-Quiz-Night-3-1024x683.png 1024w, https:\/\/thecuc.carnet.hr\/2025\/wp-content\/uploads\/2025\/11\/Magenta-Quiz-Night-3-300x200.png 300w, https:\/\/thecuc.carnet.hr\/2025\/wp-content\/uploads\/2025\/11\/Magenta-Quiz-Night-3-768x512.png 768w, https:\/\/thecuc.carnet.hr\/2025\/wp-content\/uploads\/2025\/11\/Magenta-Quiz-Night-3-1536x1024.png 1536w, https:\/\/thecuc.carnet.hr\/2025\/wp-content\/uploads\/2025\/11\/Magenta-Quiz-Night-3.png 1600w\" sizes=\"auto, (max-width: 1024px) 100vw, 1024px\" \/><\/div><a class=\"wp-block-latest-posts__post-title\" href=\"https:\/\/thecuc.carnet.hr\/2025\/prijavi-se-na-magenta-quiz-night\/\">Prijavi se na Magenta Quiz Night<\/a><time datetime=\"2025-11-05T13:17:44+01:00\" class=\"wp-block-latest-posts__post-date\">5. studenoga 2025.<\/time><div class=\"wp-block-latest-posts__post-excerpt\">Sada ve\u0107 tradicionalno pub kviz \u0107e se i ove godine odr\u017eati na THECUC-u. Ove godine uz podr\u0161ku HT-a dru\u017eimo se na\u2026 <a class=\"wp-block-latest-posts__read-more\" href=\"https:\/\/thecuc.carnet.hr\/2025\/prijavi-se-na-magenta-quiz-night\/\" rel=\"noopener noreferrer\">Pro\u010ditaj vi\u0161e<span class=\"screen-reader-text\">: Prijavi se na Magenta Quiz Night<\/span><\/a><\/div><\/li>\n<li><div class=\"wp-block-latest-posts__featured-image aligncenter\"><img loading=\"lazy\" decoding=\"async\" width=\"1024\" height=\"683\" src=\"https:\/\/thecuc.carnet.hr\/2025\/wp-content\/uploads\/2024\/07\/1699556114872-1024x683.jpeg\" class=\"attachment-large size-large wp-post-image\" alt=\"\" style=\"\" srcset=\"https:\/\/thecuc.carnet.hr\/2025\/wp-content\/uploads\/2024\/07\/1699556114872-1024x683.jpeg 1024w, https:\/\/thecuc.carnet.hr\/2025\/wp-content\/uploads\/2024\/07\/1699556114872-300x200.jpeg 300w, https:\/\/thecuc.carnet.hr\/2025\/wp-content\/uploads\/2024\/07\/1699556114872-768x512.jpeg 768w, https:\/\/thecuc.carnet.hr\/2025\/wp-content\/uploads\/2024\/07\/1699556114872-1536x1024.jpeg 1536w, https:\/\/thecuc.carnet.hr\/2025\/wp-content\/uploads\/2024\/07\/1699556114872.jpeg 1600w\" sizes=\"auto, (max-width: 1024px) 100vw, 1024px\" \/><\/div><a class=\"wp-block-latest-posts__post-title\" href=\"https:\/\/thecuc.carnet.hr\/2025\/thecuc-2025-digitalna-transformacija-i-inovativne-metode-poucavanja-kao-pokretaci-promjena-u-visokom-obrazovanju\/\">THECUC 2025: Digitalna transformacija i inovativne metode pou\u010davanja kao pokreta\u010di promjena u visokom obrazovanju<\/a><time datetime=\"2025-11-04T19:18:31+01:00\" class=\"wp-block-latest-posts__post-date\">4. studenoga 2025.<\/time><div class=\"wp-block-latest-posts__post-excerpt\">Rovinj, 3. studenoga 2025.&nbsp;\u2014 Kako implementirati inovativne metode pou\u010davanja uz pomo\u0107 digitalnih alata? Kako \u0107e umjetna inteligencija promijeniti na\u010din na koji\u2026 <a class=\"wp-block-latest-posts__read-more\" href=\"https:\/\/thecuc.carnet.hr\/2025\/thecuc-2025-digitalna-transformacija-i-inovativne-metode-poucavanja-kao-pokretaci-promjena-u-visokom-obrazovanju\/\" rel=\"noopener noreferrer\">Pro\u010ditaj vi\u0161e<span class=\"screen-reader-text\">: THECUC 2025: Digitalna transformacija i inovativne metode pou\u010davanja kao pokreta\u010di promjena u visokom obrazovanju<\/span><\/a><\/div><\/li>\n<li><div class=\"wp-block-latest-posts__featured-image aligncenter\"><img loading=\"lazy\" decoding=\"async\" width=\"1024\" height=\"682\" src=\"https:\/\/thecuc.carnet.hr\/2025\/wp-content\/uploads\/2025\/11\/rovinj-4300772_1280-1024x682.jpg\" class=\"attachment-large size-large wp-post-image\" alt=\"\" style=\"\" srcset=\"https:\/\/thecuc.carnet.hr\/2025\/wp-content\/uploads\/2025\/11\/rovinj-4300772_1280-1024x682.jpg 1024w, https:\/\/thecuc.carnet.hr\/2025\/wp-content\/uploads\/2025\/11\/rovinj-4300772_1280-300x200.jpg 300w, https:\/\/thecuc.carnet.hr\/2025\/wp-content\/uploads\/2025\/11\/rovinj-4300772_1280-768x512.jpg 768w, https:\/\/thecuc.carnet.hr\/2025\/wp-content\/uploads\/2025\/11\/rovinj-4300772_1280.jpg 1280w\" sizes=\"auto, (max-width: 1024px) 100vw, 1024px\" \/><\/div><a class=\"wp-block-latest-posts__post-title\" href=\"https:\/\/thecuc.carnet.hr\/2025\/dobro-dosli-u-rovinj\/\">Dobro do\u0161li u Rovinj!<\/a><time datetime=\"2025-11-03T17:02:36+01:00\" class=\"wp-block-latest-posts__post-date\">3. studenoga 2025.<\/time><div class=\"wp-block-latest-posts__post-excerpt\">Dobro do\u0161li u Rovinj \u2013 grad koji ove godine postaje doma\u0107in konferencije THECUC 2025! S ponosom vas pozdravljamo u srcu Istre,\u2026 <a class=\"wp-block-latest-posts__read-more\" href=\"https:\/\/thecuc.carnet.hr\/2025\/dobro-dosli-u-rovinj\/\" rel=\"noopener noreferrer\">Pro\u010ditaj vi\u0161e<span class=\"screen-reader-text\">: Dobro do\u0161li u Rovinj!<\/span><\/a><\/div><\/li>\n<\/ul><\/div>\n\n\n\n<div class=\"wp-block-group alignfull has-accent-background-color has-background has-global-padding is-layout-constrained wp-container-core-group-is-layout-d89aad35 wp-block-group-is-layout-constrained\" style=\"margin-top:0;margin-bottom:0;padding-top:var(--wp--preset--spacing--50);padding-right:var(--wp--preset--spacing--50);padding-bottom:var(--wp--preset--spacing--50);padding-left:var(--wp--preset--spacing--50)\">\n<div class=\"wp-block-columns alignwide is-layout-flex wp-container-core-columns-is-layout-1da03c2a wp-block-columns-is-layout-flex\">\n<div class=\"wp-block-column is-vertically-aligned-center is-layout-flow wp-block-column-is-layout-flow\" style=\"flex-basis:60%\">\n<figure class=\"wp-block-image size-full is-style-rounded wp-duotone-unset-2 is-style-rounded--1\"><img loading=\"lazy\" decoding=\"async\" width=\"1800\" height=\"1200\" src=\"https:\/\/thecuc.carnet.hr\/2025\/wp-content\/uploads\/2025\/11\/M15_012_00001_hkbpom.jpg\" alt=\"\" class=\"wp-image-304\" style=\"aspect-ratio:4\/3;object-fit:cover\" srcset=\"https:\/\/thecuc.carnet.hr\/2025\/wp-content\/uploads\/2025\/11\/M15_012_00001_hkbpom.jpg 1800w, https:\/\/thecuc.carnet.hr\/2025\/wp-content\/uploads\/2025\/11\/M15_012_00001_hkbpom-300x200.jpg 300w, https:\/\/thecuc.carnet.hr\/2025\/wp-content\/uploads\/2025\/11\/M15_012_00001_hkbpom-1024x683.jpg 1024w, https:\/\/thecuc.carnet.hr\/2025\/wp-content\/uploads\/2025\/11\/M15_012_00001_hkbpom-768x512.jpg 768w, https:\/\/thecuc.carnet.hr\/2025\/wp-content\/uploads\/2025\/11\/M15_012_00001_hkbpom-1536x1024.jpg 1536w\" sizes=\"auto, (max-width: 1800px) 100vw, 1800px\" \/><\/figure>\n<\/div>\n\n\n\n<div class=\"wp-block-column is-vertically-aligned-center is-layout-flow wp-block-column-is-layout-flow\" style=\"flex-basis:40%\">\n<h2 class=\"wp-block-heading has-base-2-color has-text-color has-link-color wp-elements-cfe2b1a733676582b3633312853a0f05\">Prijavi se i sudjeluj<\/h2>\n\n\n\n<p class=\"has-base-2-color has-text-color has-link-color wp-elements-fd3fea09504454828801609a3f63697e\">Pridru\u017eite nam se u Rovinju od 5. do 7. 11. 2025. godine. \u0160to vas o\u010dekuje? Inovativne radionice, paneli i predavanja koji pokazuju kako digitalne platforme i alati olak\u0161avaju i oboga\u0107uju studiranje. Razmjena iskustava o najnovijim aktivnostima unutar projekta e-Sveu\u010dili\u0161ta, s naglaskom na obrazovanje, infrastrukturu i upravljanje.<\/p>\n\n\n\n<div class=\"wp-block-buttons is-layout-flex wp-block-buttons-is-layout-flex\">\n<div class=\"wp-block-button\"><a class=\"wp-block-button__link wp-element-button\" href=\"https:\/\/www.thecuc.hr\">Prijavi se na THECUC 2025<\/a><\/div>\n<\/div>\n<\/div>\n<\/div>\n<\/div>\n\n\n\n<p><\/p>\n\n\n\n<div class=\"wp-block-group alignfull has-base-background-color has-background has-global-padding is-layout-constrained wp-container-core-group-is-layout-d89aad35 wp-block-group-is-layout-constrained\" style=\"margin-top:0;margin-bottom:0;padding-top:var(--wp--preset--spacing--50);padding-right:var(--wp--preset--spacing--50);padding-bottom:var(--wp--preset--spacing--50);padding-left:var(--wp--preset--spacing--50)\">\n<div class=\"wp-block-columns alignwide is-layout-flex wp-container-core-columns-is-layout-549b0c86 wp-block-columns-is-layout-flex\">\n<div class=\"wp-block-column is-vertically-aligned-center has-global-padding is-content-justification-center is-layout-constrained wp-container-core-column-is-layout-42d62dd4 wp-block-column-is-layout-constrained\" style=\"flex-basis:40%\">\n<figure class=\"wp-block-image size-full is-style-rounded is-style-rounded--3\"><img loading=\"lazy\" decoding=\"async\" width=\"500\" height=\"500\" src=\"https:\/\/thecuc.carnet.hr\/2025\/wp-content\/uploads\/2024\/07\/OC_marijana-2.png\" alt=\"\" class=\"wp-image-20\" style=\"aspect-ratio:3\/4;object-fit:cover\" srcset=\"https:\/\/thecuc.carnet.hr\/2025\/wp-content\/uploads\/2024\/07\/OC_marijana-2.png 500w, https:\/\/thecuc.carnet.hr\/2025\/wp-content\/uploads\/2024\/07\/OC_marijana-2-300x300.png 300w, https:\/\/thecuc.carnet.hr\/2025\/wp-content\/uploads\/2024\/07\/OC_marijana-2-150x150.png 150w\" sizes=\"auto, (max-width: 500px) 100vw, 500px\" \/><figcaption class=\"wp-element-caption\"><strong>Marijana Pezelj<br><\/strong>Predsjednica Programskog odbora, THECUC 2025<\/figcaption><\/figure>\n<\/div>\n\n\n\n<div class=\"wp-block-column is-layout-flow wp-container-core-column-is-layout-119bc444 wp-block-column-is-layout-flow\" style=\"flex-basis:60%\">\n<p class=\"has-heading-font-family has-x-large-font-size\" style=\"line-height:1.2\">e\u2011Sveu\u010dili\u0161ta 4.0 &#8211; Nove ideje, novi svijet<\/p>\n\n\n\n<div class=\"wp-block-columns is-layout-flex wp-container-core-columns-is-layout-87beb0d0 wp-block-columns-is-layout-flex\">\n<div class=\"wp-block-column is-layout-flow wp-block-column-is-layout-flow\">\n<p class=\"wp-container-content-9cfa9a5a\">THECUC 2025 \u2013 \u201ce\u2011Sveu\u010dili\u0161ta 4.0 \u2013 Nove ideje, novi svijet\u201d organizira Hrvatska akademska i istra\u017eiva\u010dka mre\u017ea \u2013 CARNET u sklopu projekta e\u2011Sveu\u010dili\u0161ta, \u010diji je cilj transformacija visokog obrazovanja u Hrvatskoj kroz implementaciju i razvoj digitalne nastavne infrastrukture, digitalnih alata i kompetencija.<\/p>\n\n\n\n<p>Konferencija \u0107e naglasiti izazove, promi\u0161ljanja i rje\u0161enja koja digitalizacija i nove tehnologije s naglaskom na umjetnu inteligenciju, donose na Sveu\u010dili\u0161ta. Prepoznat \u0107emo koja su o\u010dekivanja studenata i profesora jedni od drugih i na koji na\u010din mijenjamo trendove obrazovanja, upravljanja i podr\u0161ke.<\/p>\n<\/div>\n\n\n\n<div class=\"wp-block-column is-layout-flow wp-block-column-is-layout-flow\">\n<p>Pozivamo sve koji mogu doprinijeti svojim primjerima, znanjem i iskustvom iz predlo\u017eenih tematskih podru\u010dja da prijave rad, radionice ili BoF.<\/p>\n<\/div>\n<\/div>\n<\/div>\n<\/div>\n\n\n\n<h2 class=\"wp-block-heading has-text-align-center has-xx-large-font-size\"><\/h2>\n<\/div>\n","protected":false},"excerpt":{"rendered":"<p>Prijavi se i sudjeluj Pridru\u017eite nam se u Rovinju od 5. do 7. 11. 2025. godine. \u0160to vas o\u010dekuje? Inovativne radionice, paneli i predavanja koji pokazuju kako digitalne platforme i alati olak\u0161avaju i oboga\u0107uju studiranje. Razmjena iskustava o najnovijim aktivnostima unutar projekta e-Sveu\u010dili\u0161ta, s naglaskom na obrazovanje, infrastrukturu i upravljanje. e\u2011Sveu\u010dili\u0161ta 4.0 &#8211; Nove ideje, [&hellip;]<\/p>\n","protected":false},"author":1,"featured_media":0,"parent":0,"menu_order":0,"comment_status":"closed","ping_status":"closed","template":"","meta":{"footnotes":""},"class_list":["post-114","page","type-page","status-publish","hentry"],"_links":{"self":[{"href":"https:\/\/thecuc.carnet.hr\/2025\/wp-json\/wp\/v2\/pages\/114","targetHints":{"allow":["GET"]}}],"collection":[{"href":"https:\/\/thecuc.carnet.hr\/2025\/wp-json\/wp\/v2\/pages"}],"about":[{"href":"https:\/\/thecuc.carnet.hr\/2025\/wp-json\/wp\/v2\/types\/page"}],"author":[{"embeddable":true,"href":"https:\/\/thecuc.carnet.hr\/2025\/wp-json\/wp\/v2\/users\/1"}],"replies":[{"embeddable":true,"href":"https:\/\/thecuc.carnet.hr\/2025\/wp-json\/wp\/v2\/comments?post=114"}],"version-history":[{"count":28,"href":"https:\/\/thecuc.carnet.hr\/2025\/wp-json\/wp\/v2\/pages\/114\/revisions"}],"predecessor-version":[{"id":335,"href":"https:\/\/thecuc.carnet.hr\/2025\/wp-json\/wp\/v2\/pages\/114\/revisions\/335"}],"wp:attachment":[{"href":"https:\/\/thecuc.carnet.hr\/2025\/wp-json\/wp\/v2\/media?parent=114"}],"curies":[{"name":"wp","href":"https:\/\/api.w.org\/{rel}","templated":true}]}}