{"id":102,"date":"2024-10-17T14:50:37","date_gmt":"2024-10-17T12:50:37","guid":{"rendered":"https:\/\/thecuc.carnet.hr\/2024\/?page_id=102"},"modified":"2025-11-03T16:11:47","modified_gmt":"2025-11-03T15:11:47","slug":"programski-odbor","status":"publish","type":"page","link":"https:\/\/thecuc.carnet.hr\/2025\/programski-odbor\/","title":{"rendered":"Programski odbor"},"content":{"rendered":"\n<div class=\"wp-block-group alignfull has-global-padding is-layout-constrained wp-container-core-group-is-layout-669513ed wp-block-group-is-layout-constrained\" style=\"margin-top:0;margin-bottom:0;padding-top:var(--wp--preset--spacing--50);padding-right:var(--wp--preset--spacing--50);padding-bottom:var(--wp--preset--spacing--50);padding-left:var(--wp--preset--spacing--50)\">\n<div class=\"wp-block-group is-vertical is-content-justification-center is-layout-flex wp-container-core-group-is-layout-ce155fab wp-block-group-is-layout-flex\">\n<h2 class=\"wp-block-heading has-text-align-center is-style-default has-xx-large-font-size\">Programski odbor<\/h2>\n<\/div>\n\n\n\n<div style=\"height:var(--wp--preset--spacing--30)\" aria-hidden=\"true\" class=\"wp-block-spacer\"><\/div>\n\n\n\n<div class=\"wp-block-columns alignwide is-layout-flex wp-container-core-columns-is-layout-4935966c wp-block-columns-is-layout-flex\" style=\"padding-right:0;padding-left:0\"><\/div>\n\n\n\n<div class=\"wp-block-columns alignwide is-layout-flex wp-container-core-columns-is-layout-4935966c wp-block-columns-is-layout-flex\" style=\"padding-right:0;padding-left:0\">\n<div class=\"wp-block-column is-layout-flow wp-block-column-is-layout-flow\">\n<div class=\"wp-block-group is-vertical is-content-justification-center is-nowrap is-layout-flex wp-container-core-group-is-layout-21d4e958 wp-block-group-is-layout-flex\">\n<p class=\"has-text-align-center has-small-font-size\"><a href=\"https:\/\/thecuc.carnet.hr\/2025\/marijana-pezelj-2\/\" data-type=\"page\" data-id=\"238\" target=\"_blank\" rel=\"noreferrer noopener\"><strong>Marijana Pezelj<\/strong><\/a><\/p>\n\n\n\n<p class=\"has-text-align-center has-small-font-size\">Predsjednica programskog odbora<\/p>\n<\/div>\n<\/div>\n\n\n\n<div class=\"wp-block-column is-layout-flow wp-block-column-is-layout-flow\">\n<div class=\"wp-block-group is-vertical is-content-justification-center is-nowrap is-layout-flex wp-container-core-group-is-layout-63bfd6c1 wp-block-group-is-layout-flex\">\n<p class=\"has-text-align-center has-small-font-size\"><a href=\"https:\/\/thecuc.carnet.hr\/2025\/hrvoje-puljiz-2\/\" data-type=\"page\" data-id=\"232\" target=\"_blank\" rel=\"noreferrer noopener\"><strong>Hrvoje Puljiz<\/strong><\/a><\/p>\n\n\n\n<p class=\"has-text-align-center has-small-font-size\">CARNET<\/p>\n<\/div>\n<\/div>\n\n\n\n<div class=\"wp-block-column is-layout-flow wp-block-column-is-layout-flow\">\n<div class=\"wp-block-group is-vertical is-content-justification-center is-nowrap is-layout-flex wp-container-core-group-is-layout-63bfd6c1 wp-block-group-is-layout-flex\">\n<p class=\"has-text-align-center has-small-font-size\"><a href=\"https:\/\/thecuc.carnet.hr\/2025\/ivan-sabic-2\/\" data-type=\"page\" data-id=\"234\" target=\"_blank\" rel=\"noreferrer noopener\"><strong>Ivan \u0160abi\u0107<\/strong><\/a><\/p>\n\n\n\n<p class=\"has-text-align-center has-small-font-size\">CARNET<\/p>\n<\/div>\n<\/div>\n<\/div>\n\n\n\n<div class=\"wp-block-columns alignwide is-layout-flex wp-container-core-columns-is-layout-4935966c wp-block-columns-is-layout-flex\" style=\"padding-right:0;padding-left:0\">\n<div class=\"wp-block-column is-layout-flow wp-block-column-is-layout-flow\">\n<div class=\"wp-block-group is-vertical is-content-justification-center is-nowrap is-layout-flex wp-container-core-group-is-layout-21d4e958 wp-block-group-is-layout-flex\">\n<p class=\"has-text-align-center has-small-font-size\"><strong><span style=\"font-size: 0.9rem; font-family: var(--wp--preset--font-family--raleway);\">J<\/span>uraj Bili\u0107<\/strong><\/p>\n\n\n\n<p class=\"has-text-align-center has-small-font-size\">CARNET<\/p>\n<\/div>\n\n\n\n<div class=\"wp-block-group is-vertical is-content-justification-center is-nowrap is-layout-flex wp-container-core-group-is-layout-21d4e958 wp-block-group-is-layout-flex\">\n<p class=\"has-text-align-center has-small-font-size\"><strong>Ljubomir Hrboka<\/strong><\/p>\n\n\n\n<p class=\"has-text-align-center has-small-font-size\">CARNET<\/p>\n<\/div>\n\n\n\n<div class=\"wp-block-group is-vertical is-content-justification-center is-nowrap is-layout-flex wp-container-core-group-is-layout-21d4e958 wp-block-group-is-layout-flex\">\n<p class=\"has-text-align-center has-small-font-size\"><strong>Tomislav Neguli\u0107<\/strong><\/p>\n\n\n\n<p class=\"has-text-align-center has-small-font-size\">CARNET<\/p>\n<\/div>\n\n\n\n<div class=\"wp-block-group is-vertical is-content-justification-center is-nowrap is-layout-flex wp-container-core-group-is-layout-21d4e958 wp-block-group-is-layout-flex\">\n<p class=\"has-text-align-center has-small-font-size\"><strong>Darko Etinger<\/strong><\/p>\n\n\n\n<p class=\"has-text-align-center has-small-font-size\">UNIPU<\/p>\n<\/div>\n<\/div>\n\n\n\n<div class=\"wp-block-column is-layout-flow wp-block-column-is-layout-flow\">\n<div class=\"wp-block-group is-vertical is-content-justification-center is-nowrap is-layout-flex wp-container-core-group-is-layout-63bfd6c1 wp-block-group-is-layout-flex\">\n<p class=\"has-text-align-center has-small-font-size\"><strong>Dragana Kupres<\/strong><\/p>\n\n\n\n<p class=\"has-text-align-center has-small-font-size\">CARNET<\/p>\n<\/div>\n\n\n\n<div class=\"wp-block-group is-vertical is-content-justification-center is-nowrap is-layout-flex wp-container-core-group-is-layout-63bfd6c1 wp-block-group-is-layout-flex\">\n<p class=\"has-text-align-center has-small-font-size\"><strong>Mirta Jane\u0161<\/strong><\/p>\n\n\n\n<p class=\"has-text-align-center has-small-font-size\">CARNET<\/p>\n<\/div>\n\n\n\n<div class=\"wp-block-group is-vertical is-content-justification-center is-nowrap is-layout-flex wp-container-core-group-is-layout-63bfd6c1 wp-block-group-is-layout-flex\">\n<p class=\"has-text-align-center has-small-font-size\"><strong>Ana Me\u0161trovi\u0107<\/strong><\/p>\n\n\n\n<p class=\"has-text-align-center has-small-font-size\">UNIRI<\/p>\n<\/div>\n\n\n\n<div class=\"wp-block-group is-vertical is-content-justification-center is-nowrap is-layout-flex wp-container-core-group-is-layout-63bfd6c1 wp-block-group-is-layout-flex\">\n<p class=\"has-text-align-center has-small-font-size\"><strong>Sa\u0161a Mladenovi\u0107<\/strong><\/p>\n\n\n\n<p class=\"has-text-align-center has-small-font-size\">PMFST<\/p>\n<\/div>\n<\/div>\n\n\n\n<div class=\"wp-block-column is-layout-flow wp-block-column-is-layout-flow\">\n<div class=\"wp-block-group is-vertical is-content-justification-center is-nowrap is-layout-flex wp-container-core-group-is-layout-21d4e958 wp-block-group-is-layout-flex\">\n<p class=\"has-text-align-center has-small-font-size\"><strong>Mate Erceg<\/strong><\/p>\n\n\n\n<p class=\"has-text-align-center has-small-font-size\">CARNET<\/p>\n<\/div>\n\n\n\n<div class=\"wp-block-group is-vertical is-content-justification-center is-nowrap is-layout-flex wp-container-core-group-is-layout-21d4e958 wp-block-group-is-layout-flex\">\n<p class=\"has-text-align-center has-small-font-size\"><strong>Antonia Strunje<\/strong><\/p>\n\n\n\n<p class=\"has-text-align-center has-small-font-size\">CARNET<\/p>\n<\/div>\n\n\n\n<div class=\"wp-block-group is-vertical is-content-justification-center is-nowrap is-layout-flex wp-container-core-group-is-layout-21d4e958 wp-block-group-is-layout-flex\">\n<p class=\"has-text-align-center has-small-font-size\"><strong>Bo\u017eo Pavi\u010din<\/strong><\/p>\n\n\n\n<p class=\"has-text-align-center has-small-font-size\">MZOM<\/p>\n<\/div>\n\n\n\n<div class=\"wp-block-group is-vertical is-content-justification-center is-nowrap is-layout-flex wp-container-core-group-is-layout-21d4e958 wp-block-group-is-layout-flex\">\n<p class=\"has-text-align-center has-small-font-size\"><strong>Slobodan Beliga<\/strong><\/p>\n\n\n\n<p class=\"has-text-align-center has-small-font-size\">UNIRI<\/p>\n<\/div>\n\n\n\n<p><\/p>\n<\/div>\n<\/div>\n<\/div>\n\n\n\n<p><\/p>\n","protected":false},"excerpt":{"rendered":"<p>Programski odbor Marijana Pezelj Predsjednica programskog odbora Hrvoje Puljiz CARNET Ivan \u0160abi\u0107 CARNET Juraj Bili\u0107 CARNET Ljubomir Hrboka CARNET Tomislav Neguli\u0107 CARNET Darko Etinger UNIPU Dragana Kupres CARNET Mirta Jane\u0161 CARNET Ana Me\u0161trovi\u0107 UNIRI Sa\u0161a Mladenovi\u0107 PMFST Mate Erceg CARNET Antonia Strunje CARNET Bo\u017eo Pavi\u010din MZOM Slobodan Beliga UNIRI<\/p>\n","protected":false},"author":1,"featured_media":0,"parent":0,"menu_order":0,"comment_status":"closed","ping_status":"closed","template":"","meta":{"footnotes":""},"class_list":["post-102","page","type-page","status-publish","hentry"],"_links":{"self":[{"href":"https:\/\/thecuc.carnet.hr\/2025\/wp-json\/wp\/v2\/pages\/102","targetHints":{"allow":["GET"]}}],"collection":[{"href":"https:\/\/thecuc.carnet.hr\/2025\/wp-json\/wp\/v2\/pages"}],"about":[{"href":"https:\/\/thecuc.carnet.hr\/2025\/wp-json\/wp\/v2\/types\/page"}],"author":[{"embeddable":true,"href":"https:\/\/thecuc.carnet.hr\/2025\/wp-json\/wp\/v2\/users\/1"}],"replies":[{"embeddable":true,"href":"https:\/\/thecuc.carnet.hr\/2025\/wp-json\/wp\/v2\/comments?post=102"}],"version-history":[{"count":14,"href":"https:\/\/thecuc.carnet.hr\/2025\/wp-json\/wp\/v2\/pages\/102\/revisions"}],"predecessor-version":[{"id":317,"href":"https:\/\/thecuc.carnet.hr\/2025\/wp-json\/wp\/v2\/pages\/102\/revisions\/317"}],"wp:attachment":[{"href":"https:\/\/thecuc.carnet.hr\/2025\/wp-json\/wp\/v2\/media?parent=102"}],"curies":[{"name":"wp","href":"https:\/\/api.w.org\/{rel}","templated":true}]}}