{"id":71,"date":"2024-10-16T12:26:22","date_gmt":"2024-10-16T10:26:22","guid":{"rendered":"https:\/\/thecuc.carnet.hr\/2024\/?page_id=71"},"modified":"2024-10-18T10:16:11","modified_gmt":"2024-10-18T08:16:11","slug":"lokacija-i-smjestaj","status":"publish","type":"page","link":"https:\/\/thecuc.carnet.hr\/2024\/lokacija-i-smjestaj\/","title":{"rendered":"Lokacija i smje\u0161taj"},"content":{"rendered":"\n<div class=\"wp-block-group alignfull has-accent-background-color has-background has-global-padding is-layout-constrained wp-container-core-group-is-layout-669513ed wp-block-group-is-layout-constrained\" style=\"margin-top:0;margin-bottom:0;padding-top:var(--wp--preset--spacing--50);padding-right:var(--wp--preset--spacing--50);padding-bottom:var(--wp--preset--spacing--50);padding-left:var(--wp--preset--spacing--50)\">\n<div class=\"wp-block-columns alignwide is-layout-flex wp-container-core-columns-is-layout-1da03c2a wp-block-columns-is-layout-flex\">\n<div class=\"wp-block-column is-vertically-aligned-stretch is-layout-flow wp-block-column-is-layout-flow\" style=\"flex-basis:50%\">\n<div class=\"wp-block-group is-vertical is-content-justification-stretch is-layout-flex wp-container-core-group-is-layout-444d5ee8 wp-block-group-is-layout-flex\" style=\"min-height:100%\">\n<p class=\"has-base-color has-text-color has-link-color has-heading-font-family has-x-large-font-size wp-elements-5685f1744f4d16171119b3e5af7b6f0c\" style=\"line-height:1.2\">Park Plaza Histria je odmori\u0161ni i kongresni hotel u Istri smje\u0161ten svega nekoliko kilometara od povijesne jezgre tritisu\u0107ljetne Pule.<\/p>\n<\/div>\n<\/div>\n\n\n\n<div class=\"wp-block-column is-vertically-aligned-center is-layout-flow wp-block-column-is-layout-flow\" style=\"flex-basis:60%\">\n<figure class=\"wp-block-image size-large is-resized is-style-rounded is-style-rounded--1\"><img loading=\"lazy\" decoding=\"async\" width=\"1024\" height=\"576\" src=\"https:\/\/thecuc.carnet.hr\/2024\/wp-content\/uploads\/2024\/10\/1712649813Park-Plaza-Histria_01-1024x576.jpg\" alt=\"\" class=\"wp-image-72\" style=\"width:511px;height:auto\" srcset=\"https:\/\/thecuc.carnet.hr\/2024\/wp-content\/uploads\/2024\/10\/1712649813Park-Plaza-Histria_01-1024x576.jpg 1024w, https:\/\/thecuc.carnet.hr\/2024\/wp-content\/uploads\/2024\/10\/1712649813Park-Plaza-Histria_01-300x169.jpg 300w, https:\/\/thecuc.carnet.hr\/2024\/wp-content\/uploads\/2024\/10\/1712649813Park-Plaza-Histria_01-768x432.jpg 768w, https:\/\/thecuc.carnet.hr\/2024\/wp-content\/uploads\/2024\/10\/1712649813Park-Plaza-Histria_01-1536x864.jpg 1536w, https:\/\/thecuc.carnet.hr\/2024\/wp-content\/uploads\/2024\/10\/1712649813Park-Plaza-Histria_01.jpg 1920w\" sizes=\"auto, (max-width: 1024px) 100vw, 1024px\" \/><\/figure>\n<\/div>\n<\/div>\n<\/div>\n\n\n\n<div class=\"wp-block-group alignfull has-base-background-color has-background has-global-padding is-layout-constrained wp-container-core-group-is-layout-d89aad35 wp-block-group-is-layout-constrained\" style=\"margin-top:0;margin-bottom:0;padding-top:var(--wp--preset--spacing--50);padding-right:var(--wp--preset--spacing--50);padding-bottom:var(--wp--preset--spacing--50);padding-left:var(--wp--preset--spacing--50)\">\n<div class=\"wp-block-columns alignwide is-layout-flex wp-container-core-columns-is-layout-1da03c2a wp-block-columns-is-layout-flex\">\n<div class=\"wp-block-column is-vertically-aligned-center is-layout-flow wp-block-column-is-layout-flow\" style=\"flex-basis:60%\">\n<figure class=\"wp-block-image size-full is-resized is-style-rounded wp-duotone-unset-3 is-style-rounded--2\"><img loading=\"lazy\" decoding=\"async\" width=\"1600\" height=\"912\" src=\"https:\/\/thecuc.carnet.hr\/2024\/wp-content\/uploads\/2024\/10\/Park-Plaza-Histria-Pula_Rooms-Suites_Superior-room-Sea-View_05.jpg\" alt=\"\" class=\"wp-image-73\" style=\"aspect-ratio:1.3333333333333333;object-fit:cover;width:561px;height:auto\" srcset=\"https:\/\/thecuc.carnet.hr\/2024\/wp-content\/uploads\/2024\/10\/Park-Plaza-Histria-Pula_Rooms-Suites_Superior-room-Sea-View_05.jpg 1600w, https:\/\/thecuc.carnet.hr\/2024\/wp-content\/uploads\/2024\/10\/Park-Plaza-Histria-Pula_Rooms-Suites_Superior-room-Sea-View_05-300x171.jpg 300w, https:\/\/thecuc.carnet.hr\/2024\/wp-content\/uploads\/2024\/10\/Park-Plaza-Histria-Pula_Rooms-Suites_Superior-room-Sea-View_05-1024x584.jpg 1024w, https:\/\/thecuc.carnet.hr\/2024\/wp-content\/uploads\/2024\/10\/Park-Plaza-Histria-Pula_Rooms-Suites_Superior-room-Sea-View_05-768x438.jpg 768w, https:\/\/thecuc.carnet.hr\/2024\/wp-content\/uploads\/2024\/10\/Park-Plaza-Histria-Pula_Rooms-Suites_Superior-room-Sea-View_05-1536x876.jpg 1536w\" sizes=\"auto, (max-width: 1600px) 100vw, 1600px\" \/><figcaption class=\"wp-element-caption\">Park Plaza Histria<\/figcaption><\/figure>\n<\/div>\n\n\n\n<div class=\"wp-block-column is-layout-flow wp-block-column-is-layout-flow\" style=\"flex-basis:40%\">\n<h2 class=\"wp-block-heading\">Park Plaza Histria<\/h2>\n\n\n\n<p>Hotel Park Plaza Histria Pula smje\u0161ten je na predivnoj lokaciji uz more s koje se pru\u017ea o\u010daravaju\u0107i pogled na Jadransko more. Povijesni grad Pula udaljen je samo nekoliko minuta. Iz hotela Park Plaza Histria do Pule se mo\u017ee do\u0107i pje\u0161ice, a dobra je i povezanost javnim prijevozom.<\/p>\n\n\n\n<figure class=\"wp-block-table\"><table><tbody><tr><td>Jednokrevetna soba za jednu osobu<\/td><td>170,00 \u20ac<\/td><\/tr><tr><td>Dvokrevetna soba po osobi<\/td><td>135,00 \u20ac<\/td><\/tr><\/tbody><\/table><figcaption class=\"wp-element-caption\"><br>Cijena smje\u0161taja uklju\u010duje boravi\u0161nu pristojbu.<br>Cijena je izra\u017eena po osobi i danu na bazi polupansiona.<\/figcaption><\/figure>\n\n\n\n<div class=\"wp-block-buttons is-layout-flex wp-block-buttons-is-layout-flex\">\n<div class=\"wp-block-button\"><a class=\"wp-block-button__link wp-element-button\" href=\"https:\/\/www.arenahotels.com\/hr\/hotel\/park-plaza-histria\">Vi\u0161e o hotelu<\/a><\/div>\n<\/div>\n<\/div>\n<\/div>\n<\/div>\n\n\n\n<div class=\"wp-block-group alignfull has-accent-4-background-color has-background has-global-padding is-layout-constrained wp-container-core-group-is-layout-d89aad35 wp-block-group-is-layout-constrained\" style=\"margin-top:0;margin-bottom:0;padding-top:var(--wp--preset--spacing--50);padding-right:var(--wp--preset--spacing--50);padding-bottom:var(--wp--preset--spacing--50);padding-left:var(--wp--preset--spacing--50)\">\n<div class=\"wp-block-columns alignwide is-layout-flex wp-container-core-columns-is-layout-1da03c2a wp-block-columns-is-layout-flex\">\n<div class=\"wp-block-column is-vertically-aligned-center is-layout-flow wp-block-column-is-layout-flow\" style=\"flex-basis:60%\">\n<h2 class=\"wp-block-heading\">Grand Hotel Brioni Pula<\/h2>\n\n\n\n<p>Smje\u0161ten uz obalu na pulskoj Verudeli preko puta Brijuna, suvremen i glamurozno opremljen hotel \u010dini jedinstveni biser Pule i oazu rasko\u0161i s prekrasnim pogledom na Brijune, otvoreno more i pitoresknu obalu.<\/p>\n\n\n\n<figure class=\"wp-block-table\"><table><tbody><tr><td>Jednokrevetna soba za jednu osobu<\/td><td>210,00 \u20ac<\/td><\/tr><tr><td>Dvokrevetna soba po osobi<\/td><td>145,00 \u20ac<\/td><\/tr><\/tbody><\/table><figcaption class=\"wp-element-caption\"><br>Cijena smje\u0161taja uklju\u010duje boravi\u0161nu pristojbu.<br>Cijena je izra\u017eena po osobi i danu na bazi polupansiona.<\/figcaption><\/figure>\n\n\n\n<div class=\"wp-block-buttons is-layout-flex wp-block-buttons-is-layout-flex\">\n<div class=\"wp-block-button\"><a class=\"wp-block-button__link wp-element-button\" href=\"https:\/\/www.arenahotels.com\/hr\/hotel\/grand-hotel-brioni\">Vi\u0161e o hotelu<\/a><\/div>\n<\/div>\n<\/div>\n\n\n\n<div class=\"wp-block-column is-layout-flow wp-block-column-is-layout-flow\" style=\"flex-basis:80%\">\n<figure class=\"wp-block-image size-full is-resized is-style-rounded wp-duotone-unset-5 is-style-rounded--4\"><img loading=\"lazy\" decoding=\"async\" width=\"1136\" height=\"800\" src=\"https:\/\/thecuc.carnet.hr\/2024\/wp-content\/uploads\/2024\/10\/1658327869GrandHotelBrioni_Hotel_outside_188615.jpg\" alt=\"\" class=\"wp-image-81\" style=\"aspect-ratio:1.3333333333333333;object-fit:cover;width:535px;height:auto\" srcset=\"https:\/\/thecuc.carnet.hr\/2024\/wp-content\/uploads\/2024\/10\/1658327869GrandHotelBrioni_Hotel_outside_188615.jpg 1136w, https:\/\/thecuc.carnet.hr\/2024\/wp-content\/uploads\/2024\/10\/1658327869GrandHotelBrioni_Hotel_outside_188615-300x211.jpg 300w, https:\/\/thecuc.carnet.hr\/2024\/wp-content\/uploads\/2024\/10\/1658327869GrandHotelBrioni_Hotel_outside_188615-1024x721.jpg 1024w, https:\/\/thecuc.carnet.hr\/2024\/wp-content\/uploads\/2024\/10\/1658327869GrandHotelBrioni_Hotel_outside_188615-768x541.jpg 768w\" sizes=\"auto, (max-width: 1136px) 100vw, 1136px\" \/><figcaption class=\"wp-element-caption\">Grand Hotel Brioni Pula<\/figcaption><\/figure>\n<\/div>\n<\/div>\n<\/div>\n","protected":false},"excerpt":{"rendered":"<p>Park Plaza Histria je odmori\u0161ni i kongresni hotel u Istri smje\u0161ten svega nekoliko kilometara od povijesne jezgre tritisu\u0107ljetne Pule. Park Plaza Histria Hotel Park Plaza Histria Pula smje\u0161ten je na predivnoj lokaciji uz more s koje se pru\u017ea o\u010daravaju\u0107i pogled na Jadransko more. Povijesni grad Pula udaljen je samo nekoliko minuta. Iz hotela Park Plaza [&hellip;]<\/p>\n","protected":false},"author":1,"featured_media":0,"parent":0,"menu_order":0,"comment_status":"closed","ping_status":"closed","template":"","meta":{"footnotes":""},"class_list":["post-71","page","type-page","status-publish","hentry"],"_links":{"self":[{"href":"https:\/\/thecuc.carnet.hr\/2024\/wp-json\/wp\/v2\/pages\/71","targetHints":{"allow":["GET"]}}],"collection":[{"href":"https:\/\/thecuc.carnet.hr\/2024\/wp-json\/wp\/v2\/pages"}],"about":[{"href":"https:\/\/thecuc.carnet.hr\/2024\/wp-json\/wp\/v2\/types\/page"}],"author":[{"embeddable":true,"href":"https:\/\/thecuc.carnet.hr\/2024\/wp-json\/wp\/v2\/users\/1"}],"replies":[{"embeddable":true,"href":"https:\/\/thecuc.carnet.hr\/2024\/wp-json\/wp\/v2\/comments?post=71"}],"version-history":[{"count":8,"href":"https:\/\/thecuc.carnet.hr\/2024\/wp-json\/wp\/v2\/pages\/71\/revisions"}],"predecessor-version":[{"id":144,"href":"https:\/\/thecuc.carnet.hr\/2024\/wp-json\/wp\/v2\/pages\/71\/revisions\/144"}],"wp:attachment":[{"href":"https:\/\/thecuc.carnet.hr\/2024\/wp-json\/wp\/v2\/media?parent=71"}],"curies":[{"name":"wp","href":"https:\/\/api.w.org\/{rel}","templated":true}]}}