{"id":230,"date":"2024-10-25T10:42:49","date_gmt":"2024-10-25T08:42:49","guid":{"rendered":"https:\/\/thecuc.carnet.hr\/2024\/?page_id=230"},"modified":"2024-10-25T10:42:49","modified_gmt":"2024-10-25T08:42:49","slug":"darko-etinger-2","status":"publish","type":"page","link":"https:\/\/thecuc.carnet.hr\/2024\/darko-etinger-2\/","title":{"rendered":"Darko Etinger"},"content":{"rendered":"\n<h2 class=\"wp-block-heading\"><strong>Darko Etinger<\/strong><\/h2>\n\n\n\n<p>Darko Etinger izvanredni je profesor i dekan Fakulteta informatike na Sveu\u010dili\u0161tu Jurja Dobrile u Puli. Njegova istra\u017eiva\u010dka podru\u010dja uklju\u010duju upravljanje poslovnim procesima (BPM), dubinsku analizu procesa (process mining), upravljanje digitalnim tehnologijama u poslovnim sustavima, te modeliranje i simulaciju. <\/p>\n\n\n\n<p>Objavio je brojne znanstvene radove u ovim podru\u010djima i sudjelovao na me\u0111unarodnim znanstvenim konferencijama. Kao nositelj kolegija, predaje predmete IT Management, Upravljanje poslovnim procesima, Poslovni informacijski sustavi, Modeliranje i simulacije. <\/p>\n\n\n\n<p>Od 2021. godine preuzeo je funkciju dekana Fakulteta informatike u Puli te je aktivan \u010dlan nekoliko profesionalnih organizacija, uklju\u010duju\u0107i IEEE, ACM i Hrvatsko dru\u0161tvo za operacijska istra\u017eivanja (HDOI). \u010clan je radne skupine na CARNET-ovom projektu e-Sveu\u010dili\u0161ta. Svojim radom pridonosi razvoju informatike i povezanih znanstvenih disciplina kako u obrazovnom tako i u istra\u017eiva\u010dkom kontekstu.<\/p>\n","protected":false},"excerpt":{"rendered":"<p>Darko Etinger Darko Etinger izvanredni je profesor i dekan Fakulteta informatike na Sveu\u010dili\u0161tu Jurja Dobrile u Puli. Njegova istra\u017eiva\u010dka podru\u010dja uklju\u010duju upravljanje poslovnim procesima (BPM), dubinsku analizu procesa (process mining), upravljanje digitalnim tehnologijama u poslovnim sustavima, te modeliranje i simulaciju. Objavio je brojne znanstvene radove u ovim podru\u010djima i sudjelovao na me\u0111unarodnim znanstvenim konferencijama. Kao [&hellip;]<\/p>\n","protected":false},"author":3,"featured_media":0,"parent":0,"menu_order":0,"comment_status":"closed","ping_status":"closed","template":"","meta":{"footnotes":""},"class_list":["post-230","page","type-page","status-publish","hentry"],"_links":{"self":[{"href":"https:\/\/thecuc.carnet.hr\/2024\/wp-json\/wp\/v2\/pages\/230","targetHints":{"allow":["GET"]}}],"collection":[{"href":"https:\/\/thecuc.carnet.hr\/2024\/wp-json\/wp\/v2\/pages"}],"about":[{"href":"https:\/\/thecuc.carnet.hr\/2024\/wp-json\/wp\/v2\/types\/page"}],"author":[{"embeddable":true,"href":"https:\/\/thecuc.carnet.hr\/2024\/wp-json\/wp\/v2\/users\/3"}],"replies":[{"embeddable":true,"href":"https:\/\/thecuc.carnet.hr\/2024\/wp-json\/wp\/v2\/comments?post=230"}],"version-history":[{"count":1,"href":"https:\/\/thecuc.carnet.hr\/2024\/wp-json\/wp\/v2\/pages\/230\/revisions"}],"predecessor-version":[{"id":231,"href":"https:\/\/thecuc.carnet.hr\/2024\/wp-json\/wp\/v2\/pages\/230\/revisions\/231"}],"wp:attachment":[{"href":"https:\/\/thecuc.carnet.hr\/2024\/wp-json\/wp\/v2\/media?parent=230"}],"curies":[{"name":"wp","href":"https:\/\/api.w.org\/{rel}","templated":true}]}}

<h2 class="wp-block-heading"><strong>Darko Etinger</strong></h2>



<p>Darko Etinger izvanredni je profesor i dekan Fakulteta informatike na Sveučilištu Jurja Dobrile u Puli. Njegova istraživačka područja uključuju upravljanje poslovnim procesima (BPM), dubinsku analizu procesa (process mining), upravljanje digitalnim tehnologijama u poslovnim sustavima, te modeliranje i simulaciju. </p>



<p>Objavio je brojne znanstvene radove u ovim područjima i sudjelovao na međunarodnim znanstvenim konferencijama. Kao nositelj kolegija, predaje predmete IT Management, Upravljanje poslovnim procesima, Poslovni informacijski sustavi, Modeliranje i simulacije. </p>



<p>Od 2021. godine preuzeo je funkciju dekana Fakulteta informatike u Puli te je aktivan član nekoliko profesionalnih organizacija, uključujući IEEE, ACM i Hrvatsko društvo za operacijska istraživanja (HDOI). Član je radne skupine na CARNET-ovom projektu e-Sveučilišta. Svojim radom pridonosi razvoju informatike i povezanih znanstvenih disciplina kako u obrazovnom tako i u istraživačkom kontekstu.</p>

<p>Darko Etinger Darko Etinger izvanredni je profesor i dekan Fakulteta informatike na Sveučilištu Jurja Dobrile u Puli. Njegova istraživačka područja uključuju upravljanje poslovnim procesima (BPM), dubinsku analizu procesa (process mining), upravljanje digitalnim tehnologijama u poslovnim sustavima, te modeliranje i simulaciju. Objavio je brojne znanstvene radove u ovim područjima i sudjelovao na međunarodnim znanstvenim konferencijama. Kao [&hellip;]</p>
