{"id":228,"date":"2024-10-25T10:41:59","date_gmt":"2024-10-25T08:41:59","guid":{"rendered":"https:\/\/thecuc.carnet.hr\/2024\/?page_id=228"},"modified":"2024-10-25T10:41:59","modified_gmt":"2024-10-25T08:41:59","slug":"lidija-jakovcic-2","status":"publish","type":"page","link":"https:\/\/thecuc.carnet.hr\/2024\/lidija-jakovcic-2\/","title":{"rendered":"Lidija Jakov\u010di\u0107"},"content":{"rendered":"\n<h2 class=\"wp-block-heading\"><strong>Lidija Jakov\u010di\u0107<\/strong><\/h2>\n\n\n\n<p>Lidija Jakov\u010di\u0107 djelatnica je CARNET-a od 2016. godine.<\/p>\n\n\n\n<p>Voditeljica je odjela Mre\u017eni operativni centar u Sektoru mre\u017ene infrastrukture.<\/p>\n\n\n\n<p>U ulozi koordinatorice i voditeljice, sudjelovala je u provedbi svih aktivnosti u izgradnji lokalnih mre\u017ea \u0161kola u okviru projekta e-\u0160kole.<\/p>\n\n\n\n<p>Trenutno sudjeluje na projektu e-Sveu\u010dili\u0161ta te unaprje\u0111enju poslovnih procesa Mre\u017enog operativnog centra.<\/p>\n","protected":false},"excerpt":{"rendered":"<p>Lidija Jakov\u010di\u0107 Lidija Jakov\u010di\u0107 djelatnica je CARNET-a od 2016. godine. Voditeljica je odjela Mre\u017eni operativni centar u Sektoru mre\u017ene infrastrukture. U ulozi koordinatorice i voditeljice, sudjelovala je u provedbi svih aktivnosti u izgradnji lokalnih mre\u017ea \u0161kola u okviru projekta e-\u0160kole. Trenutno sudjeluje na projektu e-Sveu\u010dili\u0161ta te unaprje\u0111enju poslovnih procesa Mre\u017enog operativnog centra.<\/p>\n","protected":false},"author":3,"featured_media":0,"parent":0,"menu_order":0,"comment_status":"closed","ping_status":"closed","template":"","meta":{"footnotes":""},"class_list":["post-228","page","type-page","status-publish","hentry"],"_links":{"self":[{"href":"https:\/\/thecuc.carnet.hr\/2024\/wp-json\/wp\/v2\/pages\/228","targetHints":{"allow":["GET"]}}],"collection":[{"href":"https:\/\/thecuc.carnet.hr\/2024\/wp-json\/wp\/v2\/pages"}],"about":[{"href":"https:\/\/thecuc.carnet.hr\/2024\/wp-json\/wp\/v2\/types\/page"}],"author":[{"embeddable":true,"href":"https:\/\/thecuc.carnet.hr\/2024\/wp-json\/wp\/v2\/users\/3"}],"replies":[{"embeddable":true,"href":"https:\/\/thecuc.carnet.hr\/2024\/wp-json\/wp\/v2\/comments?post=228"}],"version-history":[{"count":1,"href":"https:\/\/thecuc.carnet.hr\/2024\/wp-json\/wp\/v2\/pages\/228\/revisions"}],"predecessor-version":[{"id":229,"href":"https:\/\/thecuc.carnet.hr\/2024\/wp-json\/wp\/v2\/pages\/228\/revisions\/229"}],"wp:attachment":[{"href":"https:\/\/thecuc.carnet.hr\/2024\/wp-json\/wp\/v2\/media?parent=228"}],"curies":[{"name":"wp","href":"https:\/\/api.w.org\/{rel}","templated":true}]}}

Lidija Jakovčić

<h2 class="wp-block-heading"><strong>Lidija Jakovčić</strong></h2>



<p>Lidija Jakovčić djelatnica je CARNET-a od 2016. godine.</p>



<p>Voditeljica je odjela Mrežni operativni centar u Sektoru mrežne infrastrukture.</p>



<p>U ulozi koordinatorice i voditeljice, sudjelovala je u provedbi svih aktivnosti u izgradnji lokalnih mreža škola u okviru projekta e-Škole.</p>



<p>Trenutno sudjeluje na projektu e-Sveučilišta te unaprjeđenju poslovnih procesa Mrežnog operativnog centra.</p>

<p>Lidija Jakovčić Lidija Jakovčić djelatnica je CARNET-a od 2016. godine. Voditeljica je odjela Mrežni operativni centar u Sektoru mrežne infrastrukture. U ulozi koordinatorice i voditeljice, sudjelovala je u provedbi svih aktivnosti u izgradnji lokalnih mreža škola u okviru projekta e-Škole. Trenutno sudjeluje na projektu e-Sveučilišta te unaprjeđenju poslovnih procesa Mrežnog operativnog centra.</p>
