{"id":222,"date":"2024-10-25T10:38:57","date_gmt":"2024-10-25T08:38:57","guid":{"rendered":"https:\/\/thecuc.carnet.hr\/2024\/?page_id=222"},"modified":"2024-10-25T10:40:40","modified_gmt":"2024-10-25T08:40:40","slug":"mirta-janes-2","status":"publish","type":"page","link":"https:\/\/thecuc.carnet.hr\/2024\/mirta-janes-2\/","title":{"rendered":"Mirta Jane\u0161"},"content":{"rendered":"\n<h2 class=\"wp-block-heading\"><strong>Mirta Jane\u0161<\/strong><\/h2>\n\n\n\n<p>Mirta Jane\u0161 je voditeljica Slu\u017ebe za razvoj i implementaciju e-obrazovanja u Hrvatskoj akademskoj i istra\u017eiva\u010dkoj mre\u017ei \u2013 CARNET, a bavi se podru\u010djem primjene digitalnih tehnologija u obrazovanju.<\/p>\n\n\n\n<p>Od 2004. godine sudjelovala je u projektima izrade i implementacije CARNET-ovih online te\u010dajeva, te na uspostavi i razvoju sustava CARNET-ovih online mentora. Koordinirala je i vodila projekte ECDL izobrazbe nastavnika osnovnih i srednjih \u0161kola. Bila je jedna od tutorica na CARNET-ovoj E-learning akademiji na programu E-learning Tutoring.<\/p>\n\n\n\n<p>Uz dugogodi\u0161nje iskustvo u izradi i implementaciji e-te\u010dajeva i drugih obrazovnih sadr\u017eaja namijenjenih razvoju digitalnih kompetencija nastavnog osoblja, iskustvo stje\u010de i direktnim radom s korisnicima kroz provedbu velikog broja predavanja i radionica odgojno-obrazovnim djelatnicima u \u0161kolama, vezanim za primjenu digitalnih tehnologija u nastavnom procesu.<\/p>\n\n\n\n<p class=\"has-base-background-color has-background\">Iskustva pro\u0161iruje sudjelovanjem u planiranju i provedbi europskih projekata. U provedbi programa e-\u0160kole vodila je aktivnosti vezane za razvoj i implementaciju programa obrazovanja za razvoj digitalnih kompetencija odgojno-obrazovnih djelatnika \u0161kola. Trenutno u sklopu projekta e-Sveu\u010dili\u0161ta koordinira obrazovne aktivnosti.<\/p>\n","protected":false},"excerpt":{"rendered":"<p>Mirta Jane\u0161 Mirta Jane\u0161 je voditeljica Slu\u017ebe za razvoj i implementaciju e-obrazovanja u Hrvatskoj akademskoj i istra\u017eiva\u010dkoj mre\u017ei \u2013 CARNET, a bavi se podru\u010djem primjene digitalnih tehnologija u obrazovanju. Od 2004. godine sudjelovala je u projektima izrade i implementacije CARNET-ovih online te\u010dajeva, te na uspostavi i razvoju sustava CARNET-ovih online mentora. Koordinirala je i vodila [&hellip;]<\/p>\n","protected":false},"author":3,"featured_media":0,"parent":0,"menu_order":0,"comment_status":"closed","ping_status":"closed","template":"","meta":{"footnotes":""},"class_list":["post-222","page","type-page","status-publish","hentry"],"_links":{"self":[{"href":"https:\/\/thecuc.carnet.hr\/2024\/wp-json\/wp\/v2\/pages\/222","targetHints":{"allow":["GET"]}}],"collection":[{"href":"https:\/\/thecuc.carnet.hr\/2024\/wp-json\/wp\/v2\/pages"}],"about":[{"href":"https:\/\/thecuc.carnet.hr\/2024\/wp-json\/wp\/v2\/types\/page"}],"author":[{"embeddable":true,"href":"https:\/\/thecuc.carnet.hr\/2024\/wp-json\/wp\/v2\/users\/3"}],"replies":[{"embeddable":true,"href":"https:\/\/thecuc.carnet.hr\/2024\/wp-json\/wp\/v2\/comments?post=222"}],"version-history":[{"count":2,"href":"https:\/\/thecuc.carnet.hr\/2024\/wp-json\/wp\/v2\/pages\/222\/revisions"}],"predecessor-version":[{"id":226,"href":"https:\/\/thecuc.carnet.hr\/2024\/wp-json\/wp\/v2\/pages\/222\/revisions\/226"}],"wp:attachment":[{"href":"https:\/\/thecuc.carnet.hr\/2024\/wp-json\/wp\/v2\/media?parent=222"}],"curies":[{"name":"wp","href":"https:\/\/api.w.org\/{rel}","templated":true}]}}

Mirta Janeš

<h2 class="wp-block-heading"><strong>Mirta Janeš</strong></h2>



<p>Mirta Janeš je voditeljica Službe za razvoj i implementaciju e-obrazovanja u Hrvatskoj akademskoj i istraživačkoj mreži – CARNET, a bavi se područjem primjene digitalnih tehnologija u obrazovanju.</p>



<p>Od 2004. godine sudjelovala je u projektima izrade i implementacije CARNET-ovih online tečajeva, te na uspostavi i razvoju sustava CARNET-ovih online mentora. Koordinirala je i vodila projekte ECDL izobrazbe nastavnika osnovnih i srednjih škola. Bila je jedna od tutorica na CARNET-ovoj E-learning akademiji na programu E-learning Tutoring.</p>



<p>Uz dugogodišnje iskustvo u izradi i implementaciji e-tečajeva i drugih obrazovnih sadržaja namijenjenih razvoju digitalnih kompetencija nastavnog osoblja, iskustvo stječe i direktnim radom s korisnicima kroz provedbu velikog broja predavanja i radionica odgojno-obrazovnim djelatnicima u školama, vezanim za primjenu digitalnih tehnologija u nastavnom procesu.</p>



<p class="has-base-background-color has-background">Iskustva proširuje sudjelovanjem u planiranju i provedbi europskih projekata. U provedbi programa e-Škole vodila je aktivnosti vezane za razvoj i implementaciju programa obrazovanja za razvoj digitalnih kompetencija odgojno-obrazovnih djelatnika škola. Trenutno u sklopu projekta e-Sveučilišta koordinira obrazovne aktivnosti.</p>

<p>Mirta Janeš Mirta Janeš je voditeljica Službe za razvoj i implementaciju e-obrazovanja u Hrvatskoj akademskoj i istraživačkoj mreži – CARNET, a bavi se područjem primjene digitalnih tehnologija u obrazovanju. Od 2004. godine sudjelovala je u projektima izrade i implementacije CARNET-ovih online tečajeva, te na uspostavi i razvoju sustava CARNET-ovih online mentora. Koordinirala je i vodila [&hellip;]</p>
