{"id":1402,"date":"2023-10-23T13:25:07","date_gmt":"2023-10-23T11:25:07","guid":{"rendered":"https:\/\/thecuc.carnet.hr\/2023\/?page_id=1402"},"modified":"2023-10-24T14:35:45","modified_gmt":"2023-10-24T12:35:45","slug":"smjestaj","status":"publish","type":"page","link":"https:\/\/thecuc.carnet.hr\/2023\/?page_id=1402","title":{"rendered":"Smje\u0161taj"},"content":{"rendered":"\t\t<div data-elementor-type=\"wp-page\" data-elementor-id=\"1402\" class=\"elementor elementor-1402\">\n\t\t\t\t\t\t\t\t\t<section class=\"elementor-section elementor-top-section elementor-element elementor-element-a0b929c elementor-section-boxed elementor-section-height-default elementor-section-height-default\" data-id=\"a0b929c\" data-element_type=\"section\">\n\t\t\t\t\t\t<div class=\"elementor-container elementor-column-gap-default\">\n\t\t\t\t\t<div class=\"elementor-column elementor-col-100 elementor-top-column elementor-element elementor-element-bb29d55\" data-id=\"bb29d55\" data-element_type=\"column\">\n\t\t\t<div class=\"elementor-widget-wrap elementor-element-populated\">\n\t\t\t\t\t\t\t\t<div class=\"elementor-element elementor-element-13af9b4 elementor-widget elementor-widget-text-editor\" data-id=\"13af9b4\" data-element_type=\"widget\" data-widget_type=\"text-editor.default\">\n\t\t\t\t<div class=\"elementor-widget-container\">\n\t\t\t<style>\/*! elementor - v3.13.3 - 22-05-2023 *\/\n.elementor-widget-text-editor.elementor-drop-cap-view-stacked .elementor-drop-cap{background-color:#69727d;color:#fff}.elementor-widget-text-editor.elementor-drop-cap-view-framed .elementor-drop-cap{color:#69727d;border:3px solid;background-color:transparent}.elementor-widget-text-editor:not(.elementor-drop-cap-view-default) .elementor-drop-cap{margin-top:8px}.elementor-widget-text-editor:not(.elementor-drop-cap-view-default) .elementor-drop-cap-letter{width:1em;height:1em}.elementor-widget-text-editor .elementor-drop-cap{float:left;text-align:center;line-height:1;font-size:50px}.elementor-widget-text-editor .elementor-drop-cap-letter{display:inline-block}<\/style>\t\t\t\t<p>Kotizacija za sve zaposlenike\/ice javnih visokih u\u010dili\u0161ta u Republici Hrvatskoj je <strong>bez naknade.<\/strong><\/p>\n<p>Kotizacija uklju\u010duje program konferencije i coffee break za sva tri dana konferencije.&nbsp;<\/p>\n<p>Kotizacija <strong>ne uklju\u010duje&nbsp;<\/strong>tro\u0161kove smje\u0161taja, prijevoza i obroka na konferenciji.<\/p>\n<p>Za sudionike konferencije osigurali smo smje\u0161taj po povoljnijim cijenama u <strong><a href=\"https:\/\/rivijera.eu\/hotel-imperial\/\">Hotelu Imperial<\/a> <\/strong>u Vodicama koji se nalazi na pje\u0161a\u010dkoj udaljenosti od Hotela Olympia.&nbsp;<\/p>\n<p><\/p>\n<p class=\"has-link-color wp-elements-69a0f1572b046ff9d4c71a114ba06691\"><span style=\"color: var( --e-global-color-text ); font-family: var( --e-global-typography-text-font-family ), Sans-serif; font-size: var( --e-global-typography-text-font-size ); font-weight: var( --e-global-typography-text-font-weight ); text-transform: var( --e-global-typography-text-text-transform ); background-color: var( --e-global-color-6fbcf51 );\" data-contrast=\"auto\">Cijene smje\u0161taja u Hotelu Imperial 3*, Vodice:&nbsp;<\/span><\/p>\n<ul>\n<li>\n<p>Dvokrevetna soba polupansion\u2002po osobi po danu \u200278\u2002eura<\/p>\n<\/li>\n<li>\n<p>Dvokrevetna soba puni pansion\u2002po osobi po danu 105 eura<\/p>\n<\/li>\n<li>\n<p>Dvokrevetna soba s doru\u010dkom\u2002po osobi po danu 58 eura<\/p>\n<\/li>\n<li>\n<p>Jednokrevetna soba polupansion\u2002po osobi po danu 93 eura<\/p>\n<\/li>\n<li>\n<p>Jednokrevetna soba puni pansion\u2002po osobi po danu 120 eura<\/p>\n<\/li>\n<li>\n<p>Jednokrevetna soba s doru\u010dkom\u2002po osobi po danu&nbsp;&nbsp;73 eura<\/p>\n<\/li>\n<\/ul>\t\t\t\t\t\t<\/div>\n\t\t\t\t<\/div>\n\t\t\t\t\t<\/div>\n\t\t<\/div>\n\t\t\t\t\t\t\t<\/div>\n\t\t<\/section>\n\t\t\t\t\t\t\t<\/div>\n\t\t","protected":false},"excerpt":{"rendered":"<p>Kotizacija za sve zaposlenike\/ice javnih visokih u\u010dili\u0161ta u Republici Hrvatskoj je bez naknade. Kotizacija uklju\u010duje program konferencije i coffee break za sva tri dana konferencije.&nbsp; Kotizacija ne uklju\u010duje&nbsp;tro\u0161kove smje\u0161taja, prijevoza i obroka na konferenciji. Za sudionike konferencije osigurali smo smje\u0161taj po povoljnijim cijenama u Hotelu Imperial u Vodicama koji se nalazi na pje\u0161a\u010dkoj udaljenosti od&hellip; <a class=\"more-link\" href=\"https:\/\/thecuc.carnet.hr\/2023\/?page_id=1402\">Nastavi \u010ditati <span class=\"screen-reader-text\">Smje\u0161taj<\/span><\/a><\/p>\n","protected":false},"author":2,"featured_media":0,"parent":0,"menu_order":0,"comment_status":"closed","ping_status":"closed","template":"","meta":{"footnotes":""},"class_list":["post-1402","page","type-page","status-publish","hentry","entry"],"_links":{"self":[{"href":"https:\/\/thecuc.carnet.hr\/2023\/index.php?rest_route=\/wp\/v2\/pages\/1402","targetHints":{"allow":["GET"]}}],"collection":[{"href":"https:\/\/thecuc.carnet.hr\/2023\/index.php?rest_route=\/wp\/v2\/pages"}],"about":[{"href":"https:\/\/thecuc.carnet.hr\/2023\/index.php?rest_route=\/wp\/v2\/types\/page"}],"author":[{"embeddable":true,"href":"https:\/\/thecuc.carnet.hr\/2023\/index.php?rest_route=\/wp\/v2\/users\/2"}],"replies":[{"embeddable":true,"href":"https:\/\/thecuc.carnet.hr\/2023\/index.php?rest_route=%2Fwp%2Fv2%2Fcomments&post=1402"}],"version-history":[{"count":19,"href":"https:\/\/thecuc.carnet.hr\/2023\/index.php?rest_route=\/wp\/v2\/pages\/1402\/revisions"}],"predecessor-version":[{"id":1543,"href":"https:\/\/thecuc.carnet.hr\/2023\/index.php?rest_route=\/wp\/v2\/pages\/1402\/revisions\/1543"}],"wp:attachment":[{"href":"https:\/\/thecuc.carnet.hr\/2023\/index.php?rest_route=%2Fwp%2Fv2%2Fmedia&parent=1402"}],"curies":[{"name":"wp","href":"https:\/\/api.w.org\/{rel}","templated":true}]}}